{"id":10,"date":"2016-01-28T13:20:25","date_gmt":"2016-01-28T13:20:25","guid":{"rendered":"http:\/\/oamrvaslui.ro\/new\/?page_id=10"},"modified":"2024-05-29T12:09:44","modified_gmt":"2024-05-29T10:09:44","slug":"our-team","status":"publish","type":"page","link":"https:\/\/oamrvaslui.ro\/new\/our-team\/","title":{"rendered":"Echipa noastr\u0103"},"content":{"rendered":"<div class=\"fusion-fullwidth fullwidth-box fusion-builder-row-1 fusion-flex-container nonhundred-percent-fullwidth non-hundred-percent-height-scrolling\" style=\"--awb-border-radius-top-left:0px;--awb-border-radius-top-right:0px;--awb-border-radius-bottom-right:0px;--awb-border-radius-bottom-left:0px;--awb-flex-wrap:wrap;\" ><div class=\"fusion-builder-row fusion-row fusion-flex-align-items-flex-start fusion-flex-content-wrap\" style=\"max-width:1248px;margin-left: calc(-4% \/ 2 );margin-right: calc(-4% \/ 2 );\"><div class=\"fusion-layout-column fusion_builder_column fusion-builder-column-0 fusion_builder_column_1_1 1_1 fusion-flex-column\" style=\"--awb-bg-blend:overlay;--awb-bg-size:cover;--awb-width-large:100%;--awb-margin-top-large:0px;--awb-spacing-right-large:1.92%;--awb-margin-bottom-large:0px;--awb-spacing-left-large:1.92%;--awb-width-medium:100%;--awb-spacing-right-medium:1.92%;--awb-spacing-left-medium:1.92%;--awb-width-small:100%;--awb-spacing-right-small:1.92%;--awb-spacing-left-small:1.92%;\"><div class=\"fusion-column-wrapper fusion-flex-justify-content-flex-start fusion-content-layout-column\"><div class=\"fusion-text fusion-text-1\"><h1 class=\"fw-special-title\"><img decoding=\"async\" class=\"lazyload alignright\" src=\"https:\/\/oamrvaslui.ro\/new\/wp-content\/uploads\/2018\/02\/people-3152585_1920.jpg\" alt=\"people-3152585_1920\" width=\"447\" height=\"299\" data-maxdpr=\"1.7\" \/><\/h1>\n<p><strong>Despre OAMGMAMR Filiala Vaslui: <\/strong><\/p>\n<p>Ordinul Asisten\u0163ilor Medicali Generali\u015fti, Moa\u015felor \u015fi Asisten\u0163ilor Medicali din Vaslui este parte a asocia\u0163iei profesionale na\u0163ionale, ce are ca principal obiect de activitate controlul \u015fi supravegherea exercit\u0103rii profesiei de asistent medical cu respectarea Codului de etic\u0103 \u015fi deontologie profesional\u0103, a normelor, dispozi\u0163iilor \u015fi standardelor profesionale \u00een vigoare \u015fi care \u00ee\u015fi desf\u0103\u015foar\u0103 activitatea conform cu prevederile legale din Ordonan\u0163a de Urgen\u0163\u0103 nr.144 din 28 octombrie 2008.<\/p>\n<p style=\"text-align: left;\"><strong>Pre\u015fedinte<\/strong>: Epure Gabriela<\/p>\n<p style=\"text-align: left;\"><strong>Date de contact<\/strong><\/p>\n<p style=\"text-align: left;\">Adresa: Str. Eternit\u0103\u021bii nr.8, Vaslui<\/p>\n<p style=\"text-align: left;\">Telefon: 0235\/322.733, 0335\/411 063<\/p>\n<p style=\"text-align: left;\">Email: oammrvs@yahoo.ca<\/p>\n<p style=\"text-align: left;\">Website: oamrvaslui.ro<\/p>\n<p><!-- 1642210f6972b5c275305810a147f23e --><\/p>\n<\/div><\/div><\/div><\/div><\/div>\n","protected":false},"excerpt":{"rendered":"","protected":false},"author":1,"featured_media":0,"parent":0,"menu_order":0,"comment_status":"closed","ping_status":"closed","template":"","meta":{"footnotes":""},"class_list":["post-10","page","type-page","status-publish","hentry"],"acf":[],"_links":{"self":[{"href":"https:\/\/oamrvaslui.ro\/new\/wp-json\/wp\/v2\/pages\/10","targetHints":{"allow":["GET"]}}],"collection":[{"href":"https:\/\/oamrvaslui.ro\/new\/wp-json\/wp\/v2\/pages"}],"about":[{"href":"https:\/\/oamrvaslui.ro\/new\/wp-json\/wp\/v2\/types\/page"}],"author":[{"embeddable":true,"href":"https:\/\/oamrvaslui.ro\/new\/wp-json\/wp\/v2\/users\/1"}],"replies":[{"embeddable":true,"href":"https:\/\/oamrvaslui.ro\/new\/wp-json\/wp\/v2\/comments?post=10"}],"version-history":[{"count":28,"href":"https:\/\/oamrvaslui.ro\/new\/wp-json\/wp\/v2\/pages\/10\/revisions"}],"predecessor-version":[{"id":1949,"href":"https:\/\/oamrvaslui.ro\/new\/wp-json\/wp\/v2\/pages\/10\/revisions\/1949"}],"wp:attachment":[{"href":"https:\/\/oamrvaslui.ro\/new\/wp-json\/wp\/v2\/media?parent=10"}],"curies":[{"name":"wp","href":"https:\/\/api.w.org\/{rel}","templated":true}]}}