{"id":942,"date":"2010-01-02T00:00:45","date_gmt":"2010-01-02T00:00:45","guid":{"rendered":"http:\/\/oamrvaslui.ro\/new\/?page_id=942"},"modified":"2024-05-29T10:36:53","modified_gmt":"2024-05-29T08:36:53","slug":"legislatie-nationala","status":"publish","type":"page","link":"https:\/\/oamrvaslui.ro\/new\/legislatie-nationala\/","title":{"rendered":"Legisla\u021bie na\u021bional\u0103"},"content":{"rendered":"<h2 class=\"fw-special-title\">Legisla\u021bie na\u021bional\u0103<\/h2>\n<ul>\n<li>ORDONAN\u0162A DE URGEN\u0162\u0102 nr. 144\/2008 privind exercitarea profesiei de asistent medical generalist, a profesiei de moa\u015f\u0103 \u015fi a profesiei de asistent medical, precum \u015fi organizarea \u015fi func\u0163ionarea Ordinului Asisten\u0163ilor Medicali Generali\u015fti, Moa\u015felor \u015fi Asisten\u0163ilor Medicali din Rom\u00e2nia\u00a0<a href=\"http:\/\/oamrvaslui.ro\/new\/wp-content\/uploads\/2018\/02\/20081028_oug_144_exercitare_profesie_organizare_oamgmamr_actualizata.pdf\">&#8211; <strong>Click aici pentru desc\u0103rcare<\/strong><\/a><\/li>\n<li>HOT\u0102R\u00c2RE privind adoptarea Statutului Ordinului Asisten\u0163ilor Medicali Generali\u015fti, Moa\u015felor \u015fi Asisten\u0163ilor Medicali din Rom\u00e2nia<a href=\"http:\/\/oamrvaslui.ro\/new\/wp-content\/uploads\/2018\/02\/20081028_oug_144_exercitare_profesie_organizare_oamgmamr_actualizata-1.pdf\">&#8211; <\/a><strong><a href=\"http:\/\/oamrvaslui.ro\/new\/wp-content\/uploads\/2018\/02\/20081028_oug_144_exercitare_profesie_organizare_oamgmamr_actualizata-1.pdf\">Click aici pentru descarcare<\/a><\/strong><\/li>\n<li>HOT\u0102R\u00c2RE privind adoptarea Codului de Etic\u0103 \u015fi Deontologie al asistentului medical generalist, al moa\u015fei \u015fi al asistentului medical din Rom\u00e2nia &#8211;<strong>\u00a0<a href=\"http:\/\/oamrvaslui.ro\/new\/wp-content\/uploads\/2018\/02\/2016-OAMGMAMR-Iasi-HOTARARE-ADOPTARE-COD-DE-ETICA.pdf\">Click aici pentru desc\u0103rcare<\/a><\/strong><\/li>\n<li>HOT\u0102R\u00c2RE privind adoptarea Regulamentului de organizare \u015fi func\u0163ionare al Ordinului Asisten\u0163ilor Medicali Generali\u015fti, Moa\u015felor \u015fi Asisten\u0163ilor Medicali din Rom\u00e2nia &#8211;\u00a0<strong><a href=\"http:\/\/oamrvaslui.ro\/new\/wp-content\/uploads\/2018\/02\/20090709_regulamentul_de_organizare_si_functionare_oamgmamr.pdf\">Click aici pentru desc\u0103rcare<\/a><\/strong><\/li>\n<li>METODOLOGIA de reatestare a competen\u0163ei profesionale a asisten\u0163ilor medicali generali\u015fti, moa\u015felor \u015fi a asisten\u0163ilor medicali\u00a0<a href=\"http:\/\/oamrvaslui.ro\/new\/wp-content\/uploads\/2018\/02\/2016-OAMGMAMR-Iasi-METODOLOGIE-REATESTARE.pdf\">&#8211;<strong> Click aici pentru desc\u0103rcare<\/strong><\/a><\/li>\n<li>Documente necesare \u00eentocmirii dosarului de recunoa\u015ftere a diplomelor, a certificatelor \u015fi a titlurilor de asistent medical generalist, de moa\u015f\u0103 \u015fi de asistent medical, eliberate de un stat membru al Uniunii Europene, de un stat apar\u0163in\u00e2nd Spa\u0163iului Economic European sau de Confedera\u0163ia Elve\u0163ian\u0103 &#8211;\u00a0<strong><a href=\"http:\/\/oamrvaslui.ro\/new\/wp-content\/uploads\/2018\/02\/documente_necesare_intocmirii_dosarului_de_recunoastere_a_diplomelor.pdf\">Click aici pentru desc\u0103rcare<\/a><\/strong><\/li>\n<li>Procedura de transfer a unui asistent medical generalist, moa\u015f\u0103 \u015fi asistent medical \u00eentre filialele Ordinului Asisten\u0163ilor Medicali Generali\u015fti, Moa\u015felor \u015fi Asisten\u0163ilor Medicali din Rom\u00e2nia &#8211;\u00a0<strong><a href=\"http:\/\/oamrvaslui.ro\/new\/wp-content\/uploads\/2018\/02\/procedura_de_transfer_intre_filialele_oamgmamr.pdf\">Click aici pentru desc\u0103rcare<\/a><\/strong><\/li>\n<li>ANEXA I \u2013 MODEL CERERE DE TRANSFER\u00a0&#8211;\u00a0<strong><a href=\"http:\/\/oamrvaslui.ro\/new\/wp-content\/uploads\/2018\/02\/procedura_de_transfer_intre_filialele_oamgmamr_anexa1-1.doc\">Click aici pentru desc\u0103rcare<\/a><\/strong><\/li>\n<li>ANEXA II \u2013 MODEL NOT\u0102 DE TRANSFER &#8211;\u00a0<strong><a href=\"http:\/\/oamrvaslui.ro\/new\/wp-content\/uploads\/2018\/02\/procedura_de_transfer_intre_filialele_oamgmamr_anexa2-1.doc\">Click aici pentru desc\u0103rcare<\/a><\/strong><\/li>\n<li>Metodologia de organizare \u015fi desf\u0103\u015furare a stagiului de adaptare \u015fi a probei de aptitudini. M\u0103surile compensatorii \u00een vederea recunoa\u015fterii profesionale \u00een Rom\u00e2nia\u00a0<a href=\"http:\/\/oamrvaslui.ro\/new\/wp-content\/uploads\/2018\/02\/metodologia_de_organizare_si_desfasurare_a_stagiului_de_adaptare_si_a_probei_de_aptitudini.pdf\">&#8211;<\/a><strong><a href=\"http:\/\/oamrvaslui.ro\/new\/wp-content\/uploads\/2018\/02\/metodologia_de_organizare_si_desfasurare_a_stagiului_de_adaptare_si_a_probei_de_aptitudini.pdf\"> Click aici pentru desc\u0103rcare<\/a><\/strong><\/li>\n<li>Hot\u0103r\u00e2rea nr.25 din 14.09.2017 pentru aprobarea m\u0103surilor \u00eentreprinse \u00een vederea asisten\u0163ilor medicali generali\u015fti, moa\u015felor \u015fi asisten\u0163ilor medicali care au exercitat profesia \u00een str\u0103in\u0103tate<a href=\"http:\/\/oamrvaslui.ro\/new\/wp-content\/uploads\/2018\/02\/Hotararea-25.pdf\"> &#8211; <strong>Click aici pentru desc\u0103rcare<\/strong><\/a><\/li>\n<li>HOT\u0102R\u00c2RE NR. 6\/14.02.2017 privind reglementarea situa\u0163iei membrilor Ordinului Asisten\u0163ilor Medicali Generali\u015fti, Moa\u015felor \u015fi Asisten\u0163ilor Medicali din Rom\u00e2nia, care de\u0163in titlul de calificare de licen\u0163iat \u00een nutri\u0163ie \u015fi dietetic\u0103 precum \u015fi a membrilor care de\u0163in o diplom\u0103 de licen\u0163\u0103 de fizioterapeut<a href=\"http:\/\/oamrvaslui.ro\/new\/wp-content\/uploads\/2018\/02\/20170214_hotarare_fizioterapeuti_si_dieteticieni.pdf\"> &#8211; <strong>Click aici pentru desc\u0103rcare<\/strong><\/a><\/li>\n<li>Hot\u0103r\u00e2rea Nr. 32 din 23.09.2016 privind stabilirea unor taxe pentru eliberarea unor documente solicitate de c\u0103tre membrii sau nemembrii Ordinului Asisten\u0163ilor Medicali Generali\u015fti, Moa\u015felor \u015fi Asisten\u0163ilor Medicali din Rom\u00e2nia &#8211;\u00a0<strong><a href=\"http:\/\/oamrvaslui.ro\/new\/wp-content\/uploads\/2018\/02\/20160923_hotararea_nr32_privind_stabilirea_unor_taxe_pentru_eliberarea_unor_documente_solicitate.pdf\">Click aici pentru desc\u0103rcare<\/a><\/strong><\/li>\n<li>Hot\u0103r\u00e2rea Nr. 19 din 12 mai 2016 pentru aprobarea Metodologiei privind \u00eentocmirea \u015fi eliberarea certificatului de status profesional curent pentru asisten\u0163ii medicali generali\u015fti, moa\u015fe \u015fi asisten\u0163ii medicali &#8211;\u00a0<strong><a href=\"http:\/\/oamrvaslui.ro\/new\/wp-content\/uploads\/2018\/02\/20160512_hotararea_nr19_pentru_aprobarea_metodologiei_privind_intocmirea_si_eliberarea_certificatului_de_status_profesional_curent.pdf\">Click aici pentru desc\u0103rcare<\/a><\/strong><\/li>\n<li><strong>ANEXELE NR. 1 \u2013 3 <\/strong>&#8211;<strong><a href=\"http:\/\/oamrvaslui.ro\/new\/wp-content\/uploads\/2018\/02\/20160512_hotararea_nr19_pentru_aprobarea_metodologiei_privind_intocmirea_si_eliberarea_certificatului_de_status_profesional_curent_anexele_I-III.pdf\">Click aici pentru desc\u0103rcare<\/a><\/strong><\/li>\n<li>Hot\u0103r\u00e2re Nr. 6\/17 martie 2016 pentru aprobarea Metodologiei privind activit\u0103\u0163ile procedurale interne de declan\u015fare a mecanismului de alert\u0103 &#8211;\u00a0<strong><a href=\"http:\/\/oamrvaslui.ro\/new\/wp-content\/uploads\/2018\/02\/20160317_hotararea_nr6_pentru_aprobarea_metodologiei_privind_activitatile_procedurale_interne.pdf\">Click aici pentru desc\u0103rcare<\/a><\/strong><\/li>\n<li>HOT\u0102R\u00c2RE Nr. 4 din 17 martie 2016 pentru aprobarea Metodologiei privind avizarea exercit\u0103rii temporare a activit\u0103\u0163ilor profesionale de c\u0103tre asisten\u0163ii medicali generali\u015fti, moa\u015fele \u015fi asisten\u0163ii medicali, cet\u0103\u0163eni ai unui stat ter\u0163<a href=\"http:\/\/oamrvaslui.ro\/new\/wp-content\/uploads\/2018\/02\/20160317_hotararea_nr4_pentru_aprobarea_metodologiei_privind_avizarea_exercitarii_temporare.pdf\"> &#8211; <strong>Click aici pentru desc\u0103rcare<\/strong><\/a><\/li>\n<li>HOT\u0102R\u00c2RE Nr. 3\/17.03.2016 privind stabilirea cotiza\u0163iei de membru asociat al Ordinului Asisten\u0163ilor Medicali Generali\u015fti, Moa\u015felor \u015fi Asisten\u0163ilor Medicali din Rom\u00e2nia &#8211; ANEX\u0102 &#8211;\u00a0<strong><a href=\"http:\/\/oamrvaslui.ro\/new\/wp-content\/uploads\/2018\/02\/20160317_hotararea_nr2_privind_eliberarea_certificatului_de_membru_asociat_anexa.pdf\">Click aici pentru desc\u0103rcare<\/a><\/strong><\/li>\n<li>HOT\u0102R\u00c2RE\u00a0 Nr. 1 din 17 martie 2016 pentru completarea Statutului Ordinului Asisten\u0163ilor Medicali Generali\u015fti, Moa\u015felor \u015fi Asisten\u0163ilor Medicali din Rom\u00e2nia, adoptat prin Hot\u0103r\u00e2rea Adun\u0103rii generale na\u0163ionale a Ordinului Asisten\u0163ilor Medicali Generali\u015fti, Moa\u015felor \u015fi Asisten\u0163ilor Medicali din Rom\u00e2nia nr. 1\/2009<a href=\"http:\/\/oamrvaslui.ro\/new\/wp-content\/uploads\/2018\/02\/20160317_hotararea_nr1_pentru_completarea_statutului_oamgmamr.pdf\"> &#8211; <strong>Click aici pentru desc\u0103rcare<\/strong><\/a><\/li>\n<li>Hot\u0103r\u00e2rea Nr. 469 din 24 iunie 2015 pentru aprobarea criteriilor minime obligatorii de autorizare \u015fi acreditare &#8211;\u00a0<strong><a href=\"http:\/\/oamrvaslui.ro\/new\/wp-content\/uploads\/2018\/02\/20150624_hotararea_nr_469_pentru_aprobarea_criteriilor_minime_obligatorii_de_autorizare_si_acreditare.pdf\">Click aici pentru desc\u0103rcare<\/a><\/strong><\/li>\n<li>Hot\u0103r\u00e2rea nr. 22\/04.06.2015 privind \u00eencheierea asigur\u0103rii pentru r\u0103spunderea civil\u0103 profesional\u0103 suplimentar\u0103 pentru asisten\u0163ii medicali generali\u015fti, moa\u015fe \u015fi asisten\u0163i medicali care exercit\u0103 profesia \u00een regim independent &#8211;\u00a0<strong><a href=\"http:\/\/oamrvaslui.ro\/new\/wp-content\/uploads\/2018\/02\/20150604_hotararea_privind_asigurarea_pentru_exercitarea_profesiei_in_regim_independent.pdf\">Click aici pentru desc\u0103rcare<\/a><\/strong><\/li>\n<li>HOT\u0102R\u00c2RE Nr. 20\/27.03.2015 privind experien\u0163a profesional\u0103 a asisten\u0163ilor medicali generali\u015fti, moa\u015felor \u015fi asisten\u0163ilor medicali care exercit\u0103 profesia \u00een regim independent &#8211;\u00a0<a href=\"http:\/\/oamrvaslui.ro\/new\/wp-content\/uploads\/2018\/02\/20150327_hotarare_nr20_privind_experienta_profesionala_a_asistentilor_medicali_generalisti_moaselor_regim_independent.pdf\"><strong>Click aici pentru desc\u0103rcare<\/strong><\/a><\/li>\n<li>HOT\u0102R\u00c2RE Nr. 19\/27.03.2015 privind stabilirea cotiza\u0163iei de membru pentru asisten\u0163ii medicali generali\u015fti, moa\u015fe \u015fi asisten\u0163i medicali care exercit\u0103 profesia \u00een regim independent &#8211; <strong><a href=\"http:\/\/oamrvaslui.ro\/new\/wp-content\/uploads\/2018\/02\/20150327_hotarare_nr19_privind_stabilirea_cotizatiei_de_membru_pentru_asistentii_medicali_generalisti_moase_regim_independent.pdf\">Click aici pentru desc\u0103rcare<\/a><\/strong><\/li>\n<li>HOT\u0102R\u00c2RE nr.17\/27.03.2015 privind eviden\u0163a cet\u0103\u0163enilor str\u0103ini precum \u015fi a cet\u0103\u0163enilor rom\u00e2ni care au absolvit studiile \u00een str\u0103in\u0103tate &#8211; <strong><a href=\"http:\/\/oamrvaslui.ro\/new\/wp-content\/uploads\/2018\/02\/20150327_hotarare_nr17_privind_evidenta_cetatenilor_straini_precum_si_a_cetatenilor_romani_care_au_absolvit_studiile_in_strainatate.pdf\">Click aici pentru desc\u0103rcare<\/a><\/strong><\/li>\n<li>HOT\u0102R\u00c2RE Nr. 14\/27.03.2015 pentru aprobarea taxei de avizare a cabinetului de practic\u0103 independent\u0103 a profesiei de asistent medical generalist, a profesiei de moa\u015f\u0103 sau a profesiei de asistent &#8211;\u00a0<strong><a href=\"http:\/\/oamrvaslui.ro\/new\/wp-content\/uploads\/2018\/02\/20150327_hotarare_nr14_pentru_aprobarea_taxei_de_avizare_a_cabinetului_de_practica_independenta-1.pdf\">Click aici pentru desc\u0103rcare<\/a><\/strong><\/li>\n<li>Hot\u0103r\u00e2rea nr 12 din 27.03.2015 privind aprobarea Procedurii de avizare \u015fi reavizare a cabinetelor individuale de practic\u0103 independent\u0103 pentru asisten\u0163ii medicali generali\u015fti, moa\u015fe \u015fi asisten\u0163i medicali<a href=\"http:\/\/oamrvaslui.ro\/new\/wp-content\/uploads\/2018\/02\/20150327_hotarare_nr12_privind_aprobarea_procedurii_de_avizare_si_reavizare_cabinete_practica_independenta.pdf\"> &#8211; <strong>Click aici pentru desc\u0103rcare<\/strong><\/a><\/li>\n<li>Ordin nr. 5.114 din 15 decembrie 2014 privind aprobarea Metodologiei de organizare, desf\u0103\u015furare \u015fi finalizare a programului special de revalorizare a form\u0103rii ini\u0163iale de asistent medical generalist, dob\u00e2ndit\u0103 anterior datei de 1 ianuarie 2007, pentru absolven\u0163ii \u00eenv\u0103\u0163\u0103m\u00e2ntului postliceal sanitar &#8211;\u00a0<strong><a href=\"http:\/\/oamrvaslui.ro\/new\/wp-content\/uploads\/2018\/02\/20141215_ordin_nr5114_privind_aprobarea_metodologiei_de_organizare_desfasurare_si_finalizare_a_programului_special_de_revalorizare.pdf\">Click aici pentru desc\u0103rcare<\/a><\/strong><\/li>\n<li>Hot\u0103r\u00e2rea Nr. 14 din 11 Decembrie 2014 privind \u00eenscrierea membrilor \u00een OAMGMAMR &#8211;\u00a0<strong><a href=\"http:\/\/oamrvaslui.ro\/new\/wp-content\/uploads\/2018\/02\/20141211_hotararea_nr14_privind_inscrierea_membrilor_in_oamgmamr.pdf\">Click aici pentru desc\u0103rcare<\/a><\/strong><\/li>\n<li>Ordinul nr. 1454\/2.12.2014 pentru aprobarea Normelor metodologice privind exercitarea profesiei de asistent medical generalist, de moa\u015f\u0103 \u015fi de asistent medical \u00een regim independent &#8211;\u00a0<strong><a href=\"http:\/\/oamrvaslui.ro\/new\/wp-content\/uploads\/2018\/02\/20141202_ordinul_nr-1454_pentru_aprobarea_normelor_metodologice_privind_exercitarea_profesiei_in_regim_independent.pdf\">Click aici pentru desc\u0103rcare<\/a><\/strong><\/li>\n<li>Ordinul nr. 613 din 9 mai 2013 privind aprobarea Normelor de organizare \u015fi desf\u0103\u015furare a programelor de preg\u0103tire pentru ob\u0163inerea specializ\u0103rilor \u00een domenii complementare specialit\u0103\u0163ii de baz\u0103 de c\u0103tre asisten\u0163ii medicali generali\u015fti \u015fi asisten\u0163ii medicali de pediatrie &#8211;\u00a0<strong><a href=\"http:\/\/oamrvaslui.ro\/new\/wp-content\/uploads\/2018\/02\/20130509_ordinul_nr-613_privind_aprobarea_normelor_de_organizare_si_desfasurare_a_programelor_de_pregatire_pentru_obtinerea_specializarilor.pdf\">Click aici pentru desc\u0103rcare<\/a><\/strong><\/li>\n<li>Hot\u0103r\u00e2re nr.10\/21.03.2013 privind stabilirea cuantumului cotiza\u0163iei de membru al Ordinului Asisten\u0163ilor Medicali Generali\u015fti, Moa\u015felor \u015fi Asisten\u0163ilor Medicali din Rom\u00e2nia \u015fi a unor taxe \u00eencasate de la membrii Ordinului Asisten\u0163ilor Medicali Generali\u015fti, Moa\u015felor \u015fi Asisten\u0163ilor Medicali din Rom\u00e2nia &#8211;<strong>\u00a0<a href=\"http:\/\/oamrvaslui.ro\/new\/wp-content\/uploads\/2018\/02\/20130321_hotarare_nr10_privind_stabilirea_cuantumului_cotizatiei_de_membru_al_oamgmamr.pdf\">Click aici pentru desc\u0103rcare<\/a><\/strong><\/li>\n<li>ORDIN nr. 1.470 din 20 octombrie 2011 pentru aprobarea criteriilor privind angajarea \u015fi promovarea \u00een func\u0163ii, grade \u015fi trepte profesionale a personalului contractual din unit\u0103\u0163ile sanitare publice din sectorul sanitar &#8211;\u00a0<strong><a href=\"http:\/\/oamrvaslui.ro\/new\/wp-content\/uploads\/2018\/02\/20111010_ordin_nr1470_pentru_aprobarea_criteriilor_privind_angajarea_si_promovarea_in_functii_grade_si_trepte_profesionale.pdf\">Click aici pentru desc\u0103rcare<\/a><\/strong><\/li>\n<li>ORDIN nr. 1.229 din 1 august 2011 privind aprobarea criteriilor de evaluare a performan\u0163elor profesionale individuale \u015fi a modelului fi\u015fei de evaluare a performan\u0163elor profesionale individuale &#8211; <strong><a href=\"http:\/\/oamrvaslui.ro\/new\/wp-content\/uploads\/2018\/02\/20110801_ordin_nr1229_privind_aprobarea_criteriilor_de_evaluare_a_performantelor_profesionale_individuale_si_a_modelului_fisei_de_evaluare.pdf\">Click aici pentru desc\u0103rcare<\/a><\/strong><\/li>\n<li>ORDIN nr. 1.224 din 16 septembrie 2010 privind aprobarea normativelor de personal pentru asisten\u0163a medical\u0103 spitaliceasc\u0103, precum \u015fi pentru modificarea \u015fi completarea Ordinului ministrului s\u0103n\u0103t\u0103\u0163ii publice nr. 1.778\/2006 privind aprobarea normativelor de personal &#8211;\u00a0<strong><a href=\"http:\/\/oamrvaslui.ro\/new\/wp-content\/uploads\/2018\/02\/20100916_ordin_nr1224_privind_aprobarea_normativelor_de_personal_pentru_asistenta_medicala_spitaliceasca.pdf\">Click aici pentru desc\u0103rcare<\/a><\/strong><\/li>\n<li>HOT\u0102R\u00c2RE nr. 10 din 4 iunie 2010 privind aprobarea Programului na\u0163ional de preg\u0103tire a infirmierelor &#8211;\u00a0<strong><a href=\"http:\/\/oamrvaslui.ro\/new\/wp-content\/uploads\/2018\/02\/20100624_hotararea_nr10_privind_aprobarea_programului_national_de_pregatire_a_infirmierelor.pdf\">Click aici pentru desc\u0103rcare<\/a><\/strong><\/li>\n<li>Hot\u0103r\u00e2re nr. 1 din 12 martie 2010 privind stabilirea cuantumului taxei pentru eliberare duplicate &#8211;\u00a0<strong><a href=\"http:\/\/oamrvaslui.ro\/new\/wp-content\/uploads\/2018\/02\/20100312_hotarare_nr1_privind_stabilirea_cuantumului_taxei_pentru_eliberare_duplicate.pdf\">Click aici pentru desc\u0103rcare<\/a><\/strong><\/li>\n<li>ORDIN nr. 1.303 din 11 iulie 2008 pentru aprobarea Normelor privind ob\u0163inerea specializ\u0103rilor de c\u0103tre asisten\u0163ii medicali generali\u015fti \u015fi asisten\u0163ii medicali de pediatrie, a Listei specializ\u0103rilor pentru care se organizeaz\u0103 programe de formare pentru asisten\u0163ii medicali generali\u015fti \u015fi asisten\u0163ii medicali de pediatrie, precum \u015fi a modelului certificatului de absolvire a programelor de preg\u0103tire \u00een vederea ob\u0163inerii de specializ\u0103ri &#8211; <strong><a href=\"http:\/\/oamrvaslui.ro\/new\/wp-content\/uploads\/2018\/02\/20080711_ordin_nr1303_pentru_aprobarea_normelor_privind_obtinerea_specializarilor_de_catre_asistentii_medicali_generalisti_si_asistentii_medicali_de_pediatrie.pdf\">Click aici pentru desc\u0103rcare<\/a><\/strong><\/li>\n<li>LEGE nr. 95 din 14 aprilie 2006 (*actualizat\u0103*) privind reforma \u00een domeniul s\u0103n\u0103t\u0103\u0163ii &#8211;\u00a0<strong><a href=\"http:\/\/oamrvaslui.ro\/new\/wp-content\/uploads\/2018\/02\/20060414_legea_95_republicata_actualizata_reforma_domeniul_sanatatii_2015.pdf\">Click aici pentru desc\u0103rcare<\/a><\/strong><\/li>\n<li>ORDIN nr. 1.092 din 7 septembrie 2006 privind stabilirea competen\u0163elor \u015fi atribu\u0163iilor echipajelor publice de interven\u0163ie de diferite niveluri \u00een faza prespitaliceasc\u0103 &#8211;\u00a0<strong><a href=\"http:\/\/oamrvaslui.ro\/new\/wp-content\/uploads\/2018\/02\/20060907_ordin_nr1092_privind_stabilirea_competentelor_si_atributiilor_echipajelor_publice_de_interventie.pdf\">Click aici pentru desc\u0103rcare<\/a><\/strong><\/li>\n<li>ORDIN nr. 66 din 8 februarie 2002 pentru aprobarea Normelor privind ob\u0163inerea specializ\u0103rilor \u015fi competen\u0163elor pentru asisten\u0163ii medicali \u015fi alte categorii de personal sanitar cu preg\u0103tire postliceal\u0103 sau medie &#8211;\u00a0<strong><a href=\"http:\/\/oamrvaslui.ro\/new\/wp-content\/uploads\/2018\/02\/20020208_ordin_nr66_pentru_aprobarea_normelor_privind_obtinerea_specializarilor_si_competentelor.pdf\">Click aici pentru desc\u0103rcare<\/a><\/strong><\/li>\n<\/ul>\n<p><!-- a79f11ff126394c6450af9ac854574be --><\/p>\n","protected":false},"excerpt":{"rendered":"<p>Legisla\u021bie na\u021bional\u0103 ORDONAN\u0162A DE URGEN\u0162\u0102 nr. 144\/2008 privind exercitarea profesiei [&hellip;]<\/p>\n","protected":false},"author":1,"featured_media":0,"parent":0,"menu_order":0,"comment_status":"closed","ping_status":"closed","template":"","meta":{"footnotes":""},"class_list":["post-942","page","type-page","status-publish","hentry"],"acf":[],"_links":{"self":[{"href":"https:\/\/oamrvaslui.ro\/new\/wp-json\/wp\/v2\/pages\/942","targetHints":{"allow":["GET"]}}],"collection":[{"href":"https:\/\/oamrvaslui.ro\/new\/wp-json\/wp\/v2\/pages"}],"about":[{"href":"https:\/\/oamrvaslui.ro\/new\/wp-json\/wp\/v2\/types\/page"}],"author":[{"embeddable":true,"href":"https:\/\/oamrvaslui.ro\/new\/wp-json\/wp\/v2\/users\/1"}],"replies":[{"embeddable":true,"href":"https:\/\/oamrvaslui.ro\/new\/wp-json\/wp\/v2\/comments?post=942"}],"version-history":[{"count":30,"href":"https:\/\/oamrvaslui.ro\/new\/wp-json\/wp\/v2\/pages\/942\/revisions"}],"predecessor-version":[{"id":1927,"href":"https:\/\/oamrvaslui.ro\/new\/wp-json\/wp\/v2\/pages\/942\/revisions\/1927"}],"wp:attachment":[{"href":"https:\/\/oamrvaslui.ro\/new\/wp-json\/wp\/v2\/media?parent=942"}],"curies":[{"name":"wp","href":"https:\/\/api.w.org\/{rel}","templated":true}]}}