{"id":944,"date":"2018-02-18T10:11:14","date_gmt":"2018-02-18T10:11:14","guid":{"rendered":"http:\/\/oamrvaslui.ro\/new\/?page_id=944"},"modified":"2024-06-05T11:20:14","modified_gmt":"2024-06-05T09:20:14","slug":"legislatie-internationala","status":"publish","type":"page","link":"https:\/\/oamrvaslui.ro\/new\/legislatie-internationala\/","title":{"rendered":"Legisla\u021bie interna\u021bional\u0103"},"content":{"rendered":"<ul>\n<li>DIRECTIVA 2013\/55\/UE A PARLAMENTULUI EUROPEAN \u015eI A CONSILIULUI din 20 noiembrie 2013 de modificare a Directivei 2005\/36\/CE privind recunoa\u015fterea calific\u0103rilor profesionale \u015fi a Regulamentului (UE) nr. 1024\/2012 privind cooperarea administrativ\u0103 prin intermediul Sistemului de informare al pie\u0163ei interne (\u201eRegulamentul IMI\u201d)<\/li>\n<li>DIRECTIVA 2011\/24\/UE, din 9 martie 2011, a PARLAMENTULUI EUROPEAN \u0218I A CONSILIULUI privind aplicarea drepturilor pacien\u021bilor \u00een cadrul asisten\u021bei medicale transfrontaliere<\/li>\n<li>Avizul Comitetului Economic \u0219i Social European pe tema \u201eDrepturile pacientului\u201d<\/li>\n<\/ul>\n<p><!-- adfc6b254d88b773f671ea1a7152c3b5 --><\/p>\n","protected":false},"excerpt":{"rendered":"<p>DIRECTIVA 2013\/55\/UE A PARLAMENTULUI EUROPEAN \u015eI A CONSILIULUI din 20 [&hellip;]<\/p>\n","protected":false},"author":1,"featured_media":0,"parent":0,"menu_order":0,"comment_status":"closed","ping_status":"closed","template":"","meta":{"footnotes":""},"class_list":["post-944","page","type-page","status-publish","hentry"],"acf":[],"_links":{"self":[{"href":"https:\/\/oamrvaslui.ro\/new\/wp-json\/wp\/v2\/pages\/944","targetHints":{"allow":["GET"]}}],"collection":[{"href":"https:\/\/oamrvaslui.ro\/new\/wp-json\/wp\/v2\/pages"}],"about":[{"href":"https:\/\/oamrvaslui.ro\/new\/wp-json\/wp\/v2\/types\/page"}],"author":[{"embeddable":true,"href":"https:\/\/oamrvaslui.ro\/new\/wp-json\/wp\/v2\/users\/1"}],"replies":[{"embeddable":true,"href":"https:\/\/oamrvaslui.ro\/new\/wp-json\/wp\/v2\/comments?post=944"}],"version-history":[{"count":6,"href":"https:\/\/oamrvaslui.ro\/new\/wp-json\/wp\/v2\/pages\/944\/revisions"}],"predecessor-version":[{"id":2017,"href":"https:\/\/oamrvaslui.ro\/new\/wp-json\/wp\/v2\/pages\/944\/revisions\/2017"}],"wp:attachment":[{"href":"https:\/\/oamrvaslui.ro\/new\/wp-json\/wp\/v2\/media?parent=944"}],"curies":[{"name":"wp","href":"https:\/\/api.w.org\/{rel}","templated":true}]}}